[INFO] cloning repository https://github.com/nika-begiashvili/rustnpp
[INFO] running `Command { std: "git" "-c" "credential.helper=" "-c" "credential.helper=/workspace/cargo-home/bin/git-credential-null" "clone" "--bare" "https://github.com/nika-begiashvili/rustnpp" "/workspace/cache/git-repos/https%3A%2F%2Fgithub.com%2Fnika-begiashvili%2Frustnpp", kill_on_drop: false }`
[INFO] [stderr] Cloning into bare repository '/workspace/cache/git-repos/https%3A%2F%2Fgithub.com%2Fnika-begiashvili%2Frustnpp'...
[INFO] running `Command { std: "git" "rev-parse" "HEAD", kill_on_drop: false }`
[INFO] [stdout] 8c2d5f31555a36283ee664f2280c1c8c38d5eecc
[INFO] checking nika-begiashvili/rustnpp against master#af3c6e733a40e671550e0f0f5aeecaa13772ba56 for pr-74989
[INFO] running `Command { std: "git" "clone" "/workspace/cache/git-repos/https%3A%2F%2Fgithub.com%2Fnika-begiashvili%2Frustnpp" "/workspace/builds/worker-3/source", kill_on_drop: false }`
[INFO] [stderr] Cloning into '/workspace/builds/worker-3/source'...
[INFO] [stderr] done.
[INFO] validating manifest of git repo https://github.com/nika-begiashvili/rustnpp on toolchain af3c6e733a40e671550e0f0f5aeecaa13772ba56
[INFO] running `Command { std: "/workspace/cargo-home/bin/cargo" "+af3c6e733a40e671550e0f0f5aeecaa13772ba56" "read-manifest" "--manifest-path" "Cargo.toml", kill_on_drop: false }`
[INFO] started tweaking git repo https://github.com/nika-begiashvili/rustnpp
[INFO] finished tweaking git repo https://github.com/nika-begiashvili/rustnpp
[INFO] tweaked toml for git repo https://github.com/nika-begiashvili/rustnpp written to /workspace/builds/worker-3/source/Cargo.toml
[INFO] crate git repo https://github.com/nika-begiashvili/rustnpp already has a lockfile, it will not be regenerated
[INFO] running `Command { std: "/workspace/cargo-home/bin/cargo" "+af3c6e733a40e671550e0f0f5aeecaa13772ba56" "fetch" "--locked" "--manifest-path" "Cargo.toml", kill_on_drop: false }`
[INFO] [stderr] error: the lock file /workspace/builds/worker-3/source/Cargo.lock needs to be updated but --locked was passed to prevent this
[INFO] [stderr] If you want to try to generate the lock file without accessing the network, use the --offline flag.
[INFO] the lockfile is outdated, regenerating it
[INFO] running `Command { std: "/workspace/cargo-home/bin/cargo" "+af3c6e733a40e671550e0f0f5aeecaa13772ba56" "generate-lockfile" "--manifest-path" "Cargo.toml" "-Zno-index-update", kill_on_drop: false }`
[INFO] running `Command { std: "/workspace/cargo-home/bin/cargo" "+af3c6e733a40e671550e0f0f5aeecaa13772ba56" "fetch" "--locked" "--manifest-path" "Cargo.toml", kill_on_drop: false }`
[INFO] running `Command { std: "docker" "create" "-v" "/var/lib/crater-agent-workspace/builds/worker-3/target:/opt/rustwide/target:rw,Z" "-v" "/var/lib/crater-agent-workspace/builds/worker-3/source:/opt/rustwide/workdir:ro,Z" "-v" "/var/lib/crater-agent-workspace/cargo-home:/opt/rustwide/cargo-home:ro,Z" "-v" "/var/lib/crater-agent-workspace/rustup-home:/opt/rustwide/rustup-home:ro,Z" "-e" "SOURCE_DIR=/opt/rustwide/workdir" "-e" "CARGO_TARGET_DIR=/opt/rustwide/target" "-e" "CARGO_HOME=/opt/rustwide/cargo-home" "-e" "RUSTUP_HOME=/opt/rustwide/rustup-home" "-w" "/opt/rustwide/workdir" "-m" "1610612736" "--user" "0:0" "--network" "none" "rustops/crates-build-env@sha256:d92eaeed33fa75130ca1ee6c8a01d1ffb62bac859dfdfb3450e3e5d1c0146529" "/opt/rustwide/cargo-home/bin/cargo" "+af3c6e733a40e671550e0f0f5aeecaa13772ba56" "metadata" "--no-deps" "--format-version=1", kill_on_drop: false }`
[INFO] [stderr] WARNING: Your kernel does not support swap limit capabilities or the cgroup is not mounted. Memory limited without swap.
[INFO] [stdout] fb17600a045d08db5f2bfae6f7d974c8f9cc7c989d95c67b76fadd861633a117
[INFO] running `Command { std: "docker" "start" "-a" "fb17600a045d08db5f2bfae6f7d974c8f9cc7c989d95c67b76fadd861633a117", kill_on_drop: false }`
[INFO] running `Command { std: "docker" "inspect" "fb17600a045d08db5f2bfae6f7d974c8f9cc7c989d95c67b76fadd861633a117", kill_on_drop: false }`
[INFO] running `Command { std: "docker" "rm" "-f" "fb17600a045d08db5f2bfae6f7d974c8f9cc7c989d95c67b76fadd861633a117", kill_on_drop: false }`
[INFO] [stdout] fb17600a045d08db5f2bfae6f7d974c8f9cc7c989d95c67b76fadd861633a117
[INFO] running `Command { std: "docker" "create" "-v" "/var/lib/crater-agent-workspace/builds/worker-3/target:/opt/rustwide/target:rw,Z" "-v" "/var/lib/crater-agent-workspace/builds/worker-3/source:/opt/rustwide/workdir:ro,Z" "-v" "/var/lib/crater-agent-workspace/cargo-home:/opt/rustwide/cargo-home:ro,Z" "-v" "/var/lib/crater-agent-workspace/rustup-home:/opt/rustwide/rustup-home:ro,Z" "-e" "SOURCE_DIR=/opt/rustwide/workdir" "-e" "CARGO_TARGET_DIR=/opt/rustwide/target" "-e" "CARGO_INCREMENTAL=0" "-e" "RUST_BACKTRACE=full" "-e" "RUSTFLAGS=--cap-lints=forbid" "-e" "CARGO_HOME=/opt/rustwide/cargo-home" "-e" "RUSTUP_HOME=/opt/rustwide/rustup-home" "-w" "/opt/rustwide/workdir" "-m" "1610612736" "--user" "0:0" "--network" "none" "rustops/crates-build-env@sha256:d92eaeed33fa75130ca1ee6c8a01d1ffb62bac859dfdfb3450e3e5d1c0146529" "/opt/rustwide/cargo-home/bin/cargo" "+af3c6e733a40e671550e0f0f5aeecaa13772ba56" "check" "--frozen" "--all" "--all-targets" "--message-format=json", kill_on_drop: false }`
[INFO] [stdout] 053b934c442d419a1ef1e9bd5be2b14a3e7934dde718449595206a04f6d8256c
[INFO] [stderr] WARNING: Your kernel does not support swap limit capabilities or the cgroup is not mounted. Memory limited without swap.
[INFO] running `Command { std: "docker" "start" "-a" "053b934c442d419a1ef1e9bd5be2b14a3e7934dde718449595206a04f6d8256c", kill_on_drop: false }`
[INFO] [stderr]    Compiling winapi-build v0.1.1
[INFO] [stderr]    Compiling libc v0.2.77
[INFO] [stderr]    Compiling winapi v0.3.9
[INFO] [stderr]     Checking winapi v0.2.8
[INFO] [stderr]     Checking lazy_static v0.1.16
[INFO] [stderr]    Compiling user32-sys v0.2.0
[INFO] [stderr]     Checking rustnpp v1.0.0 (/opt/rustwide/workdir)
[INFO] [stdout] error[E0432]: unresolved import `winapi::minwindef`
[INFO] [stdout]   --> src/lib.rs:10:5
[INFO] [stdout]    |
[INFO] [stdout] 10 | use winapi::minwindef;
[INFO] [stdout]    |     ^^^^^^^^^^^^^^^^^ no `minwindef` in the root
[INFO] [stdout] 
[INFO] [stdout] 
[INFO] [stdout] error[E0432]: unresolved import `winapi::windef`
[INFO] [stdout]  --> src/def.rs:5:5
[INFO] [stdout]   |
[INFO] [stdout] 5 | use winapi::windef;
[INFO] [stdout]   |     ^^^^^^^^^^^^^^ no `windef` in the root
[INFO] [stdout] 
[INFO] [stdout] 
[INFO] [stdout] error[E0433]: failed to resolve: could not find `windows` in `os`
[INFO] [stdout]   --> src/def.rs:38:18
[INFO] [stdout]    |
[INFO] [stdout] 38 |     use std::os::windows::ffi::OsStrExt;
[INFO] [stdout]    |                  ^^^^^^^ could not find `windows` in `os`
[INFO] [stdout] 
[INFO] [stdout] 
[INFO] [stdout] error[E0433]: failed to resolve: could not find `windows` in `os`
[INFO] [stdout]   --> src/def.rs:44:18
[INFO] [stdout]    |
[INFO] [stdout] 44 |     use std::os::windows::ffi::OsStringExt;
[INFO] [stdout]    |                  ^^^^^^^ could not find `windows` in `os`
[INFO] [stdout] 
[INFO] [stdout] 
[INFO] [stdout] error[E0432]: unresolved import `winapi::minwindef`
[INFO] [stdout]  --> src/def.rs:6:5
[INFO] [stdout]   |
[INFO] [stdout] 6 | use winapi::minwindef;
[INFO] [stdout]   |     ^^^^^^^^^^^^^^^^^ no `minwindef` in the root
[INFO] [stdout] 
[INFO] [stdout] 
[INFO] [stdout] error[E0432]: unresolved import `winapi::winuser`
[INFO] [stdout]  --> src/helpers.rs:6:5
[INFO] [stdout]   |
[INFO] [stdout] 6 | use winapi::winuser;
[INFO] [stdout]   |     ^^^^^^^^^^^^^^^ no `winuser` in the root
[INFO] [stdout] 
[INFO] [stdout] 
[INFO] [stdout] error[E0432]: unresolved import `winapi::minwindef`
[INFO] [stdout]  --> src/helpers.rs:7:5
[INFO] [stdout]   |
[INFO] [stdout] 7 | use winapi::minwindef;
[INFO] [stdout]   |     ^^^^^^^^^^^^^^^^^ no `minwindef` in the root
[INFO] [stdout] 
[INFO] [stdout] 
[INFO] [stdout] error[E0432]: unresolved import `user32::SendMessageW`
[INFO] [stdout]  --> src/helpers.rs:8:5
[INFO] [stdout]   |
[INFO] [stdout] 8 | use user32::SendMessageW;
[INFO] [stdout]   |     ^^^^^^^^^^^^^^^^^^^^ no `SendMessageW` in the root
[INFO] [stdout] 
[INFO] [stdout] 
[INFO] [stdout] warning: use of deprecated constant `std::sync::ONCE_INIT`: the `new` function is now preferred
[INFO] [stdout]   --> src/lib.rs:21:1
[INFO] [stdout]    |
[INFO] [stdout] 21 | / lazy_static! {
[INFO] [stdout] 22 | |     static ref PROG_NAME: Vec<u16> = to_wide_chars("Rust plugin");
[INFO] [stdout] 23 | |     static ref FUNC_ITEMS: Vec<FuncItem> = vec![
[INFO] [stdout] 24 | |         plugindata::FuncItem_Run(),
[INFO] [stdout] 25 | |         plugindata::FuncItem_Build(),
[INFO] [stdout] 26 | |     ];
[INFO] [stdout] 27 | | }
[INFO] [stdout]    | |_^
[INFO] [stdout]    |
[INFO] [stdout]    = note: `#[warn(deprecated)]` on by default
[INFO] [stdout]    = note: this warning originates in a macro (in Nightly builds, run with -Z macro-backtrace for more info)
[INFO] [stdout] 
[INFO] [stdout] 
[INFO] [stdout] warning: use of deprecated constant `std::sync::ONCE_INIT`: the `new` function is now preferred
[INFO] [stdout]   --> src/lib.rs:21:1
[INFO] [stdout]    |
[INFO] [stdout] 21 | / lazy_static! {
[INFO] [stdout] 22 | |     static ref PROG_NAME: Vec<u16> = to_wide_chars("Rust plugin");
[INFO] [stdout] 23 | |     static ref FUNC_ITEMS: Vec<FuncItem> = vec![
[INFO] [stdout] 24 | |         plugindata::FuncItem_Run(),
[INFO] [stdout] 25 | |         plugindata::FuncItem_Build(),
[INFO] [stdout] 26 | |     ];
[INFO] [stdout] 27 | | }
[INFO] [stdout]    | |_^
[INFO] [stdout]    |
[INFO] [stdout]    = note: this warning originates in a macro (in Nightly builds, run with -Z macro-backtrace for more info)
[INFO] [stdout] 
[INFO] [stdout] 
[INFO] [stdout] warning: use of deprecated constant `std::sync::ONCE_INIT`: the `new` function is now preferred
[INFO] [stdout]   --> src/lib.rs:21:1
[INFO] [stdout]    |
[INFO] [stdout] 21 | / lazy_static! {
[INFO] [stdout] 22 | |     static ref PROG_NAME: Vec<u16> = to_wide_chars("Rust plugin");
[INFO] [stdout] 23 | |     static ref FUNC_ITEMS: Vec<FuncItem> = vec![
[INFO] [stdout] 24 | |         plugindata::FuncItem_Run(),
[INFO] [stdout] 25 | |         plugindata::FuncItem_Build(),
[INFO] [stdout] 26 | |     ];
[INFO] [stdout] 27 | | }
[INFO] [stdout]    | |_^
[INFO] [stdout]    |
[INFO] [stdout]    = note: this warning originates in a macro (in Nightly builds, run with -Z macro-backtrace for more info)
[INFO] [stdout] 
[INFO] [stdout] 
[INFO] [stdout] warning: use of deprecated constant `std::sync::ONCE_INIT`: the `new` function is now preferred
[INFO] [stdout]   --> src/lib.rs:21:1
[INFO] [stdout]    |
[INFO] [stdout] 21 | / lazy_static! {
[INFO] [stdout] 22 | |     static ref PROG_NAME: Vec<u16> = to_wide_chars("Rust plugin");
[INFO] [stdout] 23 | |     static ref FUNC_ITEMS: Vec<FuncItem> = vec![
[INFO] [stdout] 24 | |         plugindata::FuncItem_Run(),
[INFO] [stdout] 25 | |         plugindata::FuncItem_Build(),
[INFO] [stdout] 26 | |     ];
[INFO] [stdout] 27 | | }
[INFO] [stdout]    | |_^
[INFO] [stdout]    |
[INFO] [stdout]    = note: this warning originates in a macro (in Nightly builds, run with -Z macro-backtrace for more info)
[INFO] [stdout] 
[INFO] [stdout] 
[INFO] [stdout] error[E0432]: unresolved import `winapi::minwindef`
[INFO] [stdout]   --> src/lib.rs:10:5
[INFO] [stdout]    |
[INFO] [stdout] 10 | use winapi::minwindef;
[INFO] [stdout]    |     ^^^^^^^^^^^^^^^^^ no `minwindef` in the root
[INFO] [stdout] 
[INFO] [stdout] 
[INFO] [stdout] error[E0432]: unresolved import `winapi::windef`
[INFO] [stdout]  --> src/def.rs:5:5
[INFO] [stdout]   |
[INFO] [stdout] 5 | use winapi::windef;
[INFO] [stdout]   |     ^^^^^^^^^^^^^^ no `windef` in the root
[INFO] [stdout] 
[INFO] [stdout] 
[INFO] [stdout] error[E0433]: failed to resolve: could not find `windows` in `os`
[INFO] [stdout]   --> src/def.rs:38:18
[INFO] [stdout]    |
[INFO] [stdout] 38 |     use std::os::windows::ffi::OsStrExt;
[INFO] [stdout]    |                  ^^^^^^^ could not find `windows` in `os`
[INFO] [stdout] 
[INFO] [stdout] 
[INFO] [stdout] error[E0433]: failed to resolve: could not find `windows` in `os`
[INFO] [stdout]   --> src/def.rs:44:18
[INFO] [stdout]    |
[INFO] [stdout] 44 |     use std::os::windows::ffi::OsStringExt;
[INFO] [stdout]    |                  ^^^^^^^ could not find `windows` in `os`
[INFO] [stdout] 
[INFO] [stdout] 
[INFO] [stdout] error[E0432]: unresolved import `winapi::minwindef`
[INFO] [stdout]  --> src/def.rs:6:5
[INFO] [stdout]   |
[INFO] [stdout] 6 | use winapi::minwindef;
[INFO] [stdout]   |     ^^^^^^^^^^^^^^^^^ no `minwindef` in the root
[INFO] [stdout] 
[INFO] [stdout] 
[INFO] [stdout] error[E0432]: unresolved import `winapi::winuser`
[INFO] [stdout]  --> src/helpers.rs:6:5
[INFO] [stdout]   |
[INFO] [stdout] 6 | use winapi::winuser;
[INFO] [stdout]   |     ^^^^^^^^^^^^^^^ no `winuser` in the root
[INFO] [stdout] 
[INFO] [stdout] 
[INFO] [stdout] error[E0432]: unresolved import `winapi::minwindef`
[INFO] [stdout]  --> src/helpers.rs:7:5
[INFO] [stdout]   |
[INFO] [stdout] 7 | use winapi::minwindef;
[INFO] [stdout]   |     ^^^^^^^^^^^^^^^^^ no `minwindef` in the root
[INFO] [stdout] 
[INFO] [stdout] 
[INFO] [stdout] error[E0432]: unresolved import `user32::SendMessageW`
[INFO] [stdout]  --> src/helpers.rs:8:5
[INFO] [stdout]   |
[INFO] [stdout] 8 | use user32::SendMessageW;
[INFO] [stdout]   |     ^^^^^^^^^^^^^^^^^^^^ no `SendMessageW` in the root
[INFO] [stdout] 
[INFO] [stdout] 
[INFO] [stdout] warning: use of deprecated constant `std::sync::ONCE_INIT`: the `new` function is now preferred
[INFO] [stdout]   --> src/lib.rs:21:1
[INFO] [stdout]    |
[INFO] [stdout] 21 | / lazy_static! {
[INFO] [stdout] 22 | |     static ref PROG_NAME: Vec<u16> = to_wide_chars("Rust plugin");
[INFO] [stdout] 23 | |     static ref FUNC_ITEMS: Vec<FuncItem> = vec![
[INFO] [stdout] 24 | |         plugindata::FuncItem_Run(),
[INFO] [stdout] 25 | |         plugindata::FuncItem_Build(),
[INFO] [stdout] 26 | |     ];
[INFO] [stdout] 27 | | }
[INFO] [stdout]    | |_^
[INFO] [stdout]    |
[INFO] [stdout]    = note: `#[warn(deprecated)]` on by default
[INFO] [stdout]    = note: this warning originates in a macro (in Nightly builds, run with -Z macro-backtrace for more info)
[INFO] [stdout] 
[INFO] [stdout] 
[INFO] [stdout] warning: use of deprecated constant `std::sync::ONCE_INIT`: the `new` function is now preferred
[INFO] [stdout]   --> src/lib.rs:21:1
[INFO] [stdout]    |
[INFO] [stdout] 21 | / lazy_static! {
[INFO] [stdout] 22 | |     static ref PROG_NAME: Vec<u16> = to_wide_chars("Rust plugin");
[INFO] [stdout] 23 | |     static ref FUNC_ITEMS: Vec<FuncItem> = vec![
[INFO] [stdout] 24 | |         plugindata::FuncItem_Run(),
[INFO] [stdout] 25 | |         plugindata::FuncItem_Build(),
[INFO] [stdout] 26 | |     ];
[INFO] [stdout] 27 | | }
[INFO] [stdout]    | |_^
[INFO] [stdout]    |
[INFO] [stdout]    = note: this warning originates in a macro (in Nightly builds, run with -Z macro-backtrace for more info)
[INFO] [stdout] 
[INFO] [stdout] 
[INFO] [stdout] warning: use of deprecated constant `std::sync::ONCE_INIT`: the `new` function is now preferred
[INFO] [stdout]   --> src/lib.rs:21:1
[INFO] [stdout]    |
[INFO] [stdout] 21 | / lazy_static! {
[INFO] [stdout] 22 | |     static ref PROG_NAME: Vec<u16> = to_wide_chars("Rust plugin");
[INFO] [stdout] 23 | |     static ref FUNC_ITEMS: Vec<FuncItem> = vec![
[INFO] [stdout] 24 | |         plugindata::FuncItem_Run(),
[INFO] [stdout] 25 | |         plugindata::FuncItem_Build(),
[INFO] [stdout] 26 | |     ];
[INFO] [stdout] 27 | | }
[INFO] [stdout]    | |_^
[INFO] [stdout]    |
[INFO] [stdout]    = note: this warning originates in a macro (in Nightly builds, run with -Z macro-backtrace for more info)
[INFO] [stdout] 
[INFO] [stdout] 
[INFO] [stdout] warning: use of deprecated constant `std::sync::ONCE_INIT`: the `new` function is now preferred
[INFO] [stdout]   --> src/lib.rs:21:1
[INFO] [stdout]    |
[INFO] [stdout] 21 | / lazy_static! {
[INFO] [stdout] 22 | |     static ref PROG_NAME: Vec<u16> = to_wide_chars("Rust plugin");
[INFO] [stdout] 23 | |     static ref FUNC_ITEMS: Vec<FuncItem> = vec![
[INFO] [stdout] 24 | |         plugindata::FuncItem_Run(),
[INFO] [stdout] 25 | |         plugindata::FuncItem_Build(),
[INFO] [stdout] 26 | |     ];
[INFO] [stdout] 27 | | }
[INFO] [stdout]    | |_^
[INFO] [stdout]    |
[INFO] [stdout]    = note: this warning originates in a macro (in Nightly builds, run with -Z macro-backtrace for more info)
[INFO] [stdout] 
[INFO] [stdout] 
[INFO] [stdout] error[E0599]: no method named `encode_wide` found for reference `&OsStr` in the current scope
[INFO] [stdout]   --> src/def.rs:39:19
[INFO] [stdout]    |
[INFO] [stdout] 39 |     OsStr::new(s).encode_wide().chain(Some(0).into_iter()).collect::<Vec<_>>()
[INFO] [stdout]    |                   ^^^^^^^^^^^ method not found in `&OsStr`
[INFO] [stdout] 
[INFO] [stdout] 
[INFO] [stdout] error[E0599]: no function or associated item named `from_wide` found for struct `OsString` in the current scope
[INFO] [stdout]   --> src/def.rs:49:19
[INFO] [stdout]    |
[INFO] [stdout] 49 |         OsString::from_wide(slice).to_string_lossy().into_owned()
[INFO] [stdout]    |                   ^^^^^^^^^ function or associated item not found in `OsString`
[INFO] [stdout] 
[INFO] [stdout] 
[INFO] [stdout] error: aborting due to 10 previous errors; 4 warnings emitted
[INFO] [stdout] 
[INFO] [stdout] 
[INFO] [stdout] Some errors have detailed explanations: E0432, E0433, E0599.
[INFO] [stdout] 
[INFO] [stdout] For more information about an error, try `rustc --explain E0432`.
[INFO] [stdout] 
[INFO] [stderr] error: could not compile `rustnpp`.
[INFO] [stderr] 
[INFO] [stderr] To learn more, run the command again with --verbose.
[INFO] [stderr] warning: build failed, waiting for other jobs to finish...
[INFO] [stdout] error[E0599]: no method named `encode_wide` found for reference `&OsStr` in the current scope
[INFO] [stdout]   --> src/def.rs:39:19
[INFO] [stdout]    |
[INFO] [stdout] 39 |     OsStr::new(s).encode_wide().chain(Some(0).into_iter()).collect::<Vec<_>>()
[INFO] [stdout]    |                   ^^^^^^^^^^^ method not found in `&OsStr`
[INFO] [stdout] 
[INFO] [stdout] 
[INFO] [stdout] error[E0599]: no function or associated item named `from_wide` found for struct `OsString` in the current scope
[INFO] [stdout]   --> src/def.rs:49:19
[INFO] [stdout]    |
[INFO] [stdout] 49 |         OsString::from_wide(slice).to_string_lossy().into_owned()
[INFO] [stdout]    |                   ^^^^^^^^^ function or associated item not found in `OsString`
[INFO] [stdout] 
[INFO] [stdout] 
[INFO] [stdout] error: aborting due to 10 previous errors; 4 warnings emitted
[INFO] [stdout] 
[INFO] [stdout] 
[INFO] [stdout] Some errors have detailed explanations: E0432, E0433, E0599.
[INFO] [stdout] 
[INFO] [stdout] For more information about an error, try `rustc --explain E0432`.
[INFO] [stdout] 
[INFO] [stderr] error: build failed
[INFO] running `Command { std: "docker" "inspect" "053b934c442d419a1ef1e9bd5be2b14a3e7934dde718449595206a04f6d8256c", kill_on_drop: false }`
[INFO] running `Command { std: "docker" "rm" "-f" "053b934c442d419a1ef1e9bd5be2b14a3e7934dde718449595206a04f6d8256c", kill_on_drop: false }`
[INFO] [stdout] 053b934c442d419a1ef1e9bd5be2b14a3e7934dde718449595206a04f6d8256c
